{"id":437,"date":"2014-10-22T20:23:46","date_gmt":"2014-10-22T20:23:46","guid":{"rendered":"http:\/\/centrodemediacion.pge.gob.ec\/?page_id=437"},"modified":"2025-08-12T20:23:13","modified_gmt":"2025-08-12T20:23:13","slug":"audiencia-cesion-de-derechos","status":"publish","type":"page","link":"https:\/\/centrodemediacion.pge.gob.ec\/?page_id=437","title":{"rendered":"Costos finales"},"content":{"rendered":"<p>[et_pb_section fb_built=\u00bb1&#8243; specialty=\u00bbon\u00bb _builder_version=\u00bb4.16&#8243; background_color=\u00bb#ffffff\u00bb background_image=\u00bbhttp:\/\/centrodemediacion.pge.gob.ec\/wp-content\/uploads\/2014\/09\/bgmarmol.jpg\u00bb transparent_background=\u00bboff\u00bb global_colors_info=\u00bb{}\u00bb][et_pb_column type=\u00bb3_4&#8243; specialty_columns=\u00bb3&#8243; _builder_version=\u00bb4.16&#8243; custom_padding=\u00bb|||\u00bb global_colors_info=\u00bb{}\u00bb custom_padding__hover=\u00bb|||\u00bb][et_pb_row_inner _builder_version=\u00bb4.16&#8243; global_colors_info=\u00bb{}\u00bb][et_pb_column_inner _builder_version=\u00bb4.16&#8243; custom_padding=\u00bb|||\u00bb global_colors_info=\u00bb{}\u00bb custom_padding__hover=\u00bb|||\u00bb][et_pb_text admin_label=\u00bbText\u00bb _builder_version=\u00bb4.19.0&#8243; background_size=\u00bbinitial\u00bb background_position=\u00bbtop_left\u00bb background_repeat=\u00bbrepeat\u00bb hover_enabled=\u00bb0&#8243; global_colors_info=\u00bb{}\u00bb sticky_enabled=\u00bb0&#8243;]<\/p>\n<div class=\"custom\">\n<table style=\"width: 70%; margin-left: auto; margin-right: auto;\" border=\"0\">\n<tbody>\n<tr>\n<td>\n<div style=\"text-align: center;\"><strong><span style=\"font-family: helvetica; font-size: 18pt; color: #47707c;\">Costos por Servicios de Mediaci\u00f3n<\/span><\/strong><\/div>\n<\/td>\n<\/tr>\n<tr>\n<td style=\"text-align: center;\">\n<table border=\"0\">\n<tbody>\n<tr>\n<td style=\"text-align: justify;\">\n<p><span style=\"font-family: helvetica; font-size: 12pt; color: #000000;\">Si los participantes no alcanzan un acuerdo, no existe ning\u00fan pago por costos finales por servicios de mediaci\u00f3n.<\/span><\/p>\n<p><span style=\"font-family: helvetica; font-size: 12pt; color: #000000;\">Si el acuerdo que alcanzaron las partes tiene cuant\u00eda indeterminada se debe cancelar USD. 50,00 d\u00f3lares por hora de trabajo antes de suscribir el acta de acuerdo total o parcial.<\/span><\/p>\n<p><span style=\"font-family: helvetica; font-size: 12pt; color: #000000;\">Si el acuerdo alcanzado tiene cuant\u00eda determinada, se calcula el costo por servicios de mediaci\u00f3n de acuerdo a la siguiente tabla:<\/span><\/p>\n<p><span style=\"font-family: helvetica; font-size: 12pt; color: #000000;\">Los costos por servicios de mediaci\u00f3n deber\u00e1n ser acreditados en la cuenta corriente No. 0346662-0 del Banco del Pac\u00edfico a nombre de la Procuradur\u00eda General del Estado previo a la suscripci\u00f3n del acta de acuerdo total o parcial.<\/span><\/p>\n<\/td>\n<\/tr>\n<\/tbody>\n<\/table>\n<\/td>\n<\/tr>\n<\/tbody>\n<\/table>\n<div>\u00a0<\/div>\n<div style=\"text-align: center;\">\u00a0<\/div>\n<div>\n<table style=\"margin: 0px auto; width: 816px; height: 336px; border: medium solid #47707c;\">\n<tbody>\n<tr style=\"height: 56px;\">\n<td style=\"width: 190.469px; text-align: center; height: 56px;\"><strong>CUANTIA<\/strong><\/td>\n<td style=\"width: 111.266px; text-align: center; height: 56px;\"><strong>PORCENTAJE<\/strong><\/td>\n<td style=\"width: 160.391px; text-align: center; height: 56px;\"><strong>TECHO EN<\/strong><br \/><strong>VALOR ABSOLUTO<\/strong><\/td>\n<td style=\"width: 172.438px; text-align: center; height: 56px;\"><strong>SERVICIOS<\/strong><br \/><strong>\u00a0ADMINISTRATIVOS<\/strong><\/td>\n<td style=\"width: 143.438px; text-align: center; height: 56px;\"><strong>MEDIADORES<\/strong><br \/><strong>\u00a0EXTERNOS<\/strong><\/td>\n<\/tr>\n<tr style=\"height: 28px;\">\n<td style=\"width: 190.469px; height: 28px;\"><strong>\u00a0<\/strong><\/td>\n<td style=\"width: 111.266px; height: 28px;\"><strong>\u00a0<\/strong><\/td>\n<td style=\"width: 160.391px; text-align: center; height: 28px;\"><strong>USD<\/strong><\/td>\n<td style=\"width: 172.438px; text-align: center; height: 28px;\"><strong>60%<\/strong><\/td>\n<td style=\"width: 143.438px; text-align: center; height: 28px;\"><strong>40%<\/strong><\/td>\n<\/tr>\n<tr style=\"height: 28px;\">\n<td style=\"width: 190.469px; height: 28px;\">DE 0 a 5.000<\/td>\n<td style=\"width: 111.266px; text-align: center; height: 28px;\">0<\/td>\n<td style=\"width: 160.391px; text-align: center; height: 28px;\">0<\/td>\n<td style=\"width: 172.438px; text-align: center; height: 28px;\">0<\/td>\n<td style=\"width: 143.438px; text-align: center; height: 28px;\">0<\/td>\n<\/tr>\n<tr style=\"height: 28px;\">\n<td style=\"width: 190.469px; height: 28px;\">DE 5.001 a 20.000<\/td>\n<td style=\"width: 111.266px; text-align: center; height: 28px;\">4%<\/td>\n<td style=\"width: 160.391px; text-align: center; height: 28px;\">800<\/td>\n<td style=\"width: 172.438px; text-align: center; height: 28px;\">480<\/td>\n<td style=\"width: 143.438px; text-align: center; height: 28px;\">240<\/td>\n<\/tr>\n<tr style=\"height: 28px;\">\n<td style=\"width: 190.469px; height: 28px;\">DE 20.001 a 50.000<\/td>\n<td style=\"width: 111.266px; text-align: center; height: 28px;\">3%<\/td>\n<td style=\"width: 160.391px; text-align: center; height: 28px;\">1.500<\/td>\n<td style=\"width: 172.438px; text-align: center; height: 28px;\">900<\/td>\n<td style=\"width: 143.438px; text-align: center; height: 28px;\">400<\/td>\n<\/tr>\n<tr style=\"height: 28px;\">\n<td style=\"width: 190.469px; height: 28px;\">DE 50.001 a 100.000<\/td>\n<td style=\"width: 111.266px; text-align: center; height: 28px;\">2%<\/td>\n<td style=\"width: 160.391px; text-align: center; height: 28px;\">2.000<\/td>\n<td style=\"width: 172.438px; text-align: center; height: 28px;\">1.200<\/td>\n<td style=\"width: 143.438px; text-align: center; height: 28px;\">600<\/td>\n<\/tr>\n<tr style=\"height: 28px;\">\n<td style=\"width: 190.469px; height: 28px;\">DE 100.001 a\u00a0 500.000<\/td>\n<td style=\"width: 111.266px; text-align: center; height: 28px;\">1%<\/td>\n<td style=\"width: 160.391px; text-align: center; height: 28px;\">5.000<\/td>\n<td style=\"width: 172.438px; text-align: center; height: 28px;\">3.000<\/td>\n<td style=\"width: 143.438px; text-align: center; height: 28px;\">2.000<\/td>\n<\/tr>\n<tr style=\"height: 28px;\">\n<td style=\"width: 190.469px; height: 28px;\">DE 500.001 a 1&#8217;000.000<\/td>\n<td style=\"width: 111.266px; text-align: center; height: 28px;\">0,75%<\/td>\n<td style=\"width: 160.391px; text-align: center; height: 28px;\">7.500<\/td>\n<td style=\"width: 172.438px; text-align: center; height: 28px;\">4.500<\/td>\n<td style=\"width: 143.438px; text-align: center; height: 28px;\">3.000<\/td>\n<\/tr>\n<tr style=\"height: 28px;\">\n<td style=\"width: 190.469px; height: 28px;\">DE 1&#8217;000.001 a 5&#8217;000.000<\/td>\n<td style=\"width: 111.266px; text-align: center; height: 28px;\">0.50%<\/td>\n<td style=\"width: 160.391px; text-align: center; height: 28px;\">25.000<\/td>\n<td style=\"width: 172.438px; text-align: center; height: 28px;\">15.000<\/td>\n<td style=\"width: 143.438px; text-align: center; height: 28px;\">10.000<\/td>\n<\/tr>\n<tr style=\"height: 28px;\">\n<td style=\"width: 190.469px; height: 28px;\">DE 5&#8217;000.001 a 10&#8217;000.000<\/td>\n<td style=\"width: 111.266px; text-align: center; height: 28px;\">0.40%<\/td>\n<td style=\"width: 160.391px; text-align: center; height: 28px;\">40.000<\/td>\n<td style=\"width: 172.438px; text-align: center; height: 28px;\">24.000<\/td>\n<td style=\"width: 143.438px; text-align: center; height: 28px;\">16.000<\/td>\n<\/tr>\n<tr style=\"height: 28px;\">\n<td style=\"width: 190.469px; height: 28px;\">DE 10&#8217;000.001 en adelante<\/td>\n<td style=\"width: 111.266px; text-align: center; height: 28px;\">0.40%<\/td>\n<td style=\"width: 160.391px; text-align: center; height: 28px;\">150.000<\/td>\n<td style=\"width: 172.438px; text-align: center; height: 28px;\">90.000<\/td>\n<td style=\"width: 143.438px; text-align: center; height: 28px;\">60.000<\/td>\n<\/tr>\n<\/tbody>\n<\/table>\n<\/div>\n<p>&nbsp;<\/p>\n<\/div>\n<p>[\/et_pb_text][\/et_pb_column_inner][\/et_pb_row_inner][\/et_pb_column][et_pb_column type=\u00bb1_4&#8243; _builder_version=\u00bb4.16&#8243; custom_padding=\u00bb|||\u00bb global_colors_info=\u00bb{}\u00bb custom_padding__hover=\u00bb|||\u00bb][et_pb_text admin_label=\u00bbText\u00bb _builder_version=\u00bb4.16&#8243; background_size=\u00bbinitial\u00bb background_position=\u00bbtop_left\u00bb background_repeat=\u00bbrepeat\u00bb global_colors_info=\u00bb{}\u00bb][cmwizard menu=17\/][\/et_pb_text][\/et_pb_column][\/et_pb_section]<\/p>\n","protected":false},"excerpt":{"rendered":"<p>Costos por Servicios de Mediaci\u00f3n Si los participantes no alcanzan un acuerdo, no existe ning\u00fan pago por costos finales por servicios de mediaci\u00f3n. Si el acuerdo que alcanzaron las partes tiene cuant\u00eda indeterminada se debe cancelar USD. 50,00 d\u00f3lares por hora de trabajo antes de suscribir el acta de acuerdo total o parcial. Si el [&hellip;]<\/p>\n","protected":false},"author":101012,"featured_media":0,"parent":0,"menu_order":0,"comment_status":"open","ping_status":"open","template":"","meta":{"_et_pb_use_builder":"on","_et_pb_old_content":"","_et_gb_content_width":""},"_links":{"self":[{"href":"https:\/\/centrodemediacion.pge.gob.ec\/index.php?rest_route=\/wp\/v2\/pages\/437"}],"collection":[{"href":"https:\/\/centrodemediacion.pge.gob.ec\/index.php?rest_route=\/wp\/v2\/pages"}],"about":[{"href":"https:\/\/centrodemediacion.pge.gob.ec\/index.php?rest_route=\/wp\/v2\/types\/page"}],"author":[{"embeddable":true,"href":"https:\/\/centrodemediacion.pge.gob.ec\/index.php?rest_route=\/wp\/v2\/users\/101012"}],"replies":[{"embeddable":true,"href":"https:\/\/centrodemediacion.pge.gob.ec\/index.php?rest_route=%2Fwp%2Fv2%2Fcomments&post=437"}],"version-history":[{"count":17,"href":"https:\/\/centrodemediacion.pge.gob.ec\/index.php?rest_route=\/wp\/v2\/pages\/437\/revisions"}],"predecessor-version":[{"id":3232,"href":"https:\/\/centrodemediacion.pge.gob.ec\/index.php?rest_route=\/wp\/v2\/pages\/437\/revisions\/3232"}],"wp:attachment":[{"href":"https:\/\/centrodemediacion.pge.gob.ec\/index.php?rest_route=%2Fwp%2Fv2%2Fmedia&parent=437"}],"curies":[{"name":"wp","href":"https:\/\/api.w.org\/{rel}","templated":true}]}}