{"id":433,"date":"2014-10-22T20:22:58","date_gmt":"2014-10-22T20:22:58","guid":{"rendered":"http:\/\/centrodemediacion.pge.gob.ec\/?page_id=433"},"modified":"2026-01-09T14:39:47","modified_gmt":"2026-01-09T14:39:47","slug":"audiencia-perito-de-danos","status":"publish","type":"page","link":"https:\/\/centrodemediacion.pge.gob.ec\/?page_id=433","title":{"rendered":"Requisitos para Mediaci\u00f3n"},"content":{"rendered":"<p>[et_pb_section fb_built=\u00bb1&#8243; specialty=\u00bbon\u00bb _builder_version=\u00bb4.16&#8243; background_color=\u00bb#ffffff\u00bb background_image=\u00bbhttp:\/\/centrodemediacion.pge.gob.ec\/wp-content\/uploads\/2014\/09\/bgmarmol.jpg\u00bb transparent_background=\u00bboff\u00bb global_colors_info=\u00bb{}\u00bb][et_pb_column type=\u00bb3_4&#8243; specialty_columns=\u00bb3&#8243; _builder_version=\u00bb4.16&#8243; custom_padding=\u00bb|||\u00bb global_colors_info=\u00bb{}\u00bb custom_padding__hover=\u00bb|||\u00bb][et_pb_row_inner _builder_version=\u00bb4.16&#8243; global_colors_info=\u00bb{}\u00bb][et_pb_column_inner _builder_version=\u00bb4.16&#8243; custom_padding=\u00bb|||\u00bb global_colors_info=\u00bb{}\u00bb custom_padding__hover=\u00bb|||\u00bb][et_pb_text admin_label=\u00bbText\u00bb _builder_version=\u00bb4.19.0&#8243; background_size=\u00bbinitial\u00bb background_position=\u00bbtop_left\u00bb background_repeat=\u00bbrepeat\u00bb global_colors_info=\u00bb{}\u00bb]<\/p>\n<div style=\"text-align: center; margin: 0 auto;\">\n<table style=\"width: 532px; margin: 0px auto;\">\n<tbody>\n<tr>\n<td>\n<div style=\"text-align: center;\"><strong><span style=\"font-family: helvetica; font-size: 18pt; color: #47707c;\">Requisitos para Mediaci\u00f3n<\/span><\/strong><\/div>\n<\/td>\n<\/tr>\n<\/tbody>\n<\/table>\n<\/div>\n<p>[\/et_pb_text][et_pb_text admin_label=\u00bbText\u00bb _builder_version=\u00bb4.19.0&#8243; background_size=\u00bbinitial\u00bb background_position=\u00bbtop_left\u00bb background_repeat=\u00bbrepeat\u00bb hover_enabled=\u00bb0&#8243; global_colors_info=\u00bb{}\u00bb sticky_enabled=\u00bb0&#8243;]<\/p>\n<div class=\"custom\">\n<table style=\"width: 70%; margin-left: auto; margin-right: auto;\" border=\"0\">\n<tbody>\n<tr>\n<td style=\"text-align: center;\">\n<table border=\"0\">\n<tbody>\n<tr>\n<td style=\"text-align: justify;\">\n<p style=\"text-align: left;\"><span style=\"font-family: helvetica; font-size: 14pt; color: #000000;\"><strong><em>\u00bfC\u00f3mo iniciar un procedimiento de mediaci\u00f3n?<\/em><\/strong><\/span><\/p>\n<p><span style=\"font-family: helvetica; font-size: 12pt; color: #000000;\">Para iniciar un procedimiento de mediaci\u00f3n, el solicitante debe presentar en alguna de nuestras oficinas a nivel nacional una solicitud dirigida a la Ab. Pamela Reinoso, Directora Nacional del Centro de Mediaci\u00f3n de la Procuradur\u00eda General del Estado, de acuerdo al siguiente formato:<\/span><\/td>\n<\/tr>\n<tr>\n<td><a href=\"http:\/\/centrodemediacion.pge.gob.ec\/wp-content\/uploads\/2026\/01\/FORMATO-DE-PETICION-DE-MEDIACION-PGE-2026-DIRECCION-REGIONAL-1.docx\"><input id=\"btnEnviar\" name=\"btnEnviar\" type=\"submit\" value=\"Formato para mediaci\u00f3n 2026 - DIRECCIO\u0301N REGIONAL 1\" \/> <\/a><\/p>\n<p><a href=\"http:\/\/centrodemediacion.pge.gob.ec\/wp-content\/uploads\/2026\/01\/FORMATO-DE-PETICION-DE-MEDIACION-PGE-2026-NIVEL-NACIONAL-EXCEPCION-DE-LA-DR1.docx\"><input id=\"btnEnviar\" name=\"btnEnviar\" type=\"submit\" value=\"Formato para mediaci\u00f3n 2026 - NIVEL NACIONAL (Excepci\u00f3n de la DR1)\" \/><\/a><\/td>\n<\/tr>\n<tr>\n<td style=\"text-align: justify;\"><\/td>\n<\/tr>\n<tr>\n<td style=\"text-align: justify;\"><span style=\"font-family: helvetica; font-size: 12pt; color: #000000;\">La petici\u00f3n puede estar firmada por una o ambas partes y debe tener adjunto:<\/span><\/p>\n<p><span style=\"color: #000000;\">1.- \u00a0 Copias de la c\u00e9dula y certificado de votaci\u00f3n del o los peticionarios.<\/span><\/p>\n<p><span style=\"color: #000000;\">2.-\u00a0\u00a0 Nombramiento de Gerente General o Procuraci\u00f3n Judicial de ser el caso.<\/span><\/p>\n<p><span style=\"color: #000000;\">3.- \u00a0 Documentos que sustenten la petici\u00f3n como: contratos, informes, escrituras, convenios, actas, planos, etc.<\/span><\/p>\n<p><span style=\"color: #000000;\">4.- Recibo de pago de la tarifa por gastos administrativos del Centro, US$ 100,oo (ORIGINAL Y COPIA A COLOR) los cuales se depositar\u00e1n en la cuenta corriente del Banco del Pacifico de la Procuradur\u00eda General del Estado No. 0346662-0.<\/span><\/p>\n<p><span style=\"color: #000000;\">5.- \u00a0 Datos para emitir la factura: Raz\u00f3n Social \/ Nombres y Apellidos, c\u00e9dula o RUC, direcci\u00f3n, tel\u00e9fono y correo electr\u00f3nico a donde se deber\u00e1 enviar la factura electr\u00f3nica.<\/span><\/p>\n<p><span style=\"color: #000000;\">6.- \u00a0 De suscribirse un acta de acuerdo total o parcial de mediaci\u00f3n se deber\u00e1 cancelar la tarifa fijada seg\u00fan la cuant\u00eda del acuerdo.<\/span><\/p>\n<p><span style=\"color: #000000;\">Art.. 47.- Exoneraciones de costos administrativos iniciales y\/o finales por servicios de mediaci\u00f3n en raz\u00f3n de las personas y la cuant\u00eda.<\/span><\/p>\n<p style=\"padding-left: 40px;\"><span style=\"color: #000000;\">Se exoneran del pago de costos administrativos iniciales y\/o finales en los siguientes casos: \u00a0\u00a0\u00a0\u00a0\u00a0\u00a0<\/span><\/p>\n<p style=\"padding-left: 40px;\"><span style=\"color: #000000;\">a) Se exonera del pago de costos finales, para todas las partes, en aquellos procedimientos en los que la cuant\u00eda del acuerdo no supere los USD 5.000 (Cinco mil d\u00f3lares de los Estados Unidos de Am\u00e9rica): y,<\/span><\/p>\n<p style=\"padding-left: 40px;\"><span style=\"color: #000000;\">b) Se exoneran del pago de costos administrativos iniciales y finales a solicitantes con discapacidad o enfermedades catastr\u00f3ficas y a personas de la tercera edad, debidamente acreditada(s) en la c\u00e9dula de identidad.<\/span><\/p>\n<p style=\"padding-left: 40px;\"><span style=\"color: #000000;\">Se podr\u00e1 exonerar parcialmente al pago de costos administrativos iniciales y\/o finales, hasta por el m\u00e1ximo de un 50% a las personas jur\u00eddicas p\u00fablicas o privadas, nacionales o internacionales, incluyendo a sus miembros o socios de ser el caso, con las cuales se ha firmado un convenio de cooperaci\u00f3n interinstitucional en materia de mediaci\u00f3n. Dicha exoneraci\u00f3n deber\u00e1 estar siempre autorizada por el Procurador General del Estado.<\/span><\/p>\n<p><span style=\"color: #000000;\">8.- \u00a0 Si no se logra ning\u00fan acuerdo, no existe ning\u00fan pago por costos finales por servicios de mediaci\u00f3n.<\/span><\/p>\n<p><span style=\"color: #000000;\">9.- \u00a0 Si el acuerdo que alcanzaron las partes tiene cuant\u00eda indeterminada se debe cancelar USD 50 d\u00f3lares por hora de trabajo.<\/span><\/p>\n<p><span style=\"color: #000000;\">Otra forma de iniciar el proceso de mediaci\u00f3n es por derivaci\u00f3n de los jueces o fiscales competentes que conocen de un determinado caso y de oficio o a petici\u00f3n de las partes, consideran que la controversia se puede someter al procedimiento de mediaci\u00f3n.<\/span><\/p>\n<p><span style=\"color: #000000;\">Los procesos de mediaciones que provengan de derivaciones judiciales estar\u00e1n exentos de <\/span><span style=\"color: #000000;\">pago de la tarifa inicial, sin perjuicio de los costos finales que se generen.<\/span><\/td>\n<\/tr>\n<tr>\n<td style=\"text-align: justify;\"><span style=\"font-family: helvetica; font-size: 12pt; color: #000000;\">\u00a0<\/span><\/td>\n<\/tr>\n<\/tbody>\n<\/table>\n<\/td>\n<\/tr>\n<\/tbody>\n<\/table>\n<\/div>\n<p>[\/et_pb_text][\/et_pb_column_inner][\/et_pb_row_inner][\/et_pb_column][et_pb_column type=\u00bb1_4&#8243; _builder_version=\u00bb4.16&#8243; custom_padding=\u00bb|||\u00bb global_colors_info=\u00bb{}\u00bb custom_padding__hover=\u00bb|||\u00bb][et_pb_text admin_label=\u00bbText\u00bb _builder_version=\u00bb4.19.0&#8243; background_size=\u00bbinitial\u00bb background_position=\u00bbtop_left\u00bb background_repeat=\u00bbrepeat\u00bb global_colors_info=\u00bb{}\u00bb]<\/p>\n<p>[cmwizard menu=17\/]<\/p>\n<p>[\/et_pb_text][\/et_pb_column][\/et_pb_section]<\/p>\n","protected":false},"excerpt":{"rendered":"<p>Requisitos para Mediaci\u00f3n \u00bfC\u00f3mo iniciar un procedimiento de mediaci\u00f3n? Para iniciar un procedimiento de mediaci\u00f3n, el solicitante debe presentar en alguna de nuestras oficinas a nivel nacional una solicitud dirigida a la Ab. Pamela Reinoso, Directora Nacional del Centro de Mediaci\u00f3n de la Procuradur\u00eda General del Estado, de acuerdo al siguiente formato: La petici\u00f3n puede [&hellip;]<\/p>\n","protected":false},"author":101012,"featured_media":0,"parent":0,"menu_order":0,"comment_status":"open","ping_status":"open","template":"","meta":{"_et_pb_use_builder":"on","_et_pb_old_content":"","_et_gb_content_width":""},"_links":{"self":[{"href":"https:\/\/centrodemediacion.pge.gob.ec\/index.php?rest_route=\/wp\/v2\/pages\/433"}],"collection":[{"href":"https:\/\/centrodemediacion.pge.gob.ec\/index.php?rest_route=\/wp\/v2\/pages"}],"about":[{"href":"https:\/\/centrodemediacion.pge.gob.ec\/index.php?rest_route=\/wp\/v2\/types\/page"}],"author":[{"embeddable":true,"href":"https:\/\/centrodemediacion.pge.gob.ec\/index.php?rest_route=\/wp\/v2\/users\/101012"}],"replies":[{"embeddable":true,"href":"https:\/\/centrodemediacion.pge.gob.ec\/index.php?rest_route=%2Fwp%2Fv2%2Fcomments&post=433"}],"version-history":[{"count":31,"href":"https:\/\/centrodemediacion.pge.gob.ec\/index.php?rest_route=\/wp\/v2\/pages\/433\/revisions"}],"predecessor-version":[{"id":3259,"href":"https:\/\/centrodemediacion.pge.gob.ec\/index.php?rest_route=\/wp\/v2\/pages\/433\/revisions\/3259"}],"wp:attachment":[{"href":"https:\/\/centrodemediacion.pge.gob.ec\/index.php?rest_route=%2Fwp%2Fv2%2Fmedia&parent=433"}],"curies":[{"name":"wp","href":"https:\/\/api.w.org\/{rel}","templated":true}]}}

Requisitos para Mediación

<p>[et_pb_section fb_built=»1&#8243; specialty=»on» _builder_version=»4.16&#8243; background_color=»#ffffff» background_image=»http://centrodemediacion.pge.gob.ec/wp-content/uploads/2014/09/bgmarmol.jpg» transparent_background=»off» global_colors_info=»{}»][et_pb_column type=»3_4&#8243; specialty_columns=»3&#8243; _builder_version=»4.16&#8243; custom_padding=»|||» global_colors_info=»{}» custom_padding__hover=»|||»][et_pb_row_inner _builder_version=»4.16&#8243; global_colors_info=»{}»][et_pb_column_inner _builder_version=»4.16&#8243; custom_padding=»|||» global_colors_info=»{}» custom_padding__hover=»|||»][et_pb_text admin_label=»Text» _builder_version=»4.19.0&#8243; background_size=»initial» background_position=»top_left» background_repeat=»repeat» global_colors_info=»{}»]</p>
<div style="text-align: center; margin: 0 auto;">
<table style="width: 532px; margin: 0px auto;">
<tbody>
<tr>
<td>
<div style="text-align: center;"><strong><span style="font-family: helvetica; font-size: 18pt; color: #47707c;">Requisitos para Mediación</span></strong></div>
</td>
</tr>
</tbody>
</table>
</div>
<p>[/et_pb_text][et_pb_text admin_label=»Text» _builder_version=»4.19.0&#8243; background_size=»initial» background_position=»top_left» background_repeat=»repeat» hover_enabled=»0&#8243; global_colors_info=»{}» sticky_enabled=»0&#8243;]</p>
<div class="custom">
<table style="width: 70%; margin-left: auto; margin-right: auto;" border="0">
<tbody>
<tr>
<td style="text-align: center;">
<table border="0">
<tbody>
<tr>
<td style="text-align: justify;">
<p style="text-align: left;"><span style="font-family: helvetica; font-size: 14pt; color: #000000;"><strong><em>¿Cómo iniciar un procedimiento de mediación?</em></strong></span></p>
<p><span style="font-family: helvetica; font-size: 12pt; color: #000000;">Para iniciar un procedimiento de mediación, el solicitante debe presentar en alguna de nuestras oficinas a nivel nacional una solicitud dirigida a la Ab. Pamela Reinoso, Directora Nacional del Centro de Mediación de la Procuraduría General del Estado, de acuerdo al siguiente formato:</span></td>
</tr>
<tr>
<td><a href="http://centrodemediacion.pge.gob.ec/wp-content/uploads/2026/01/FORMATO-DE-PETICION-DE-MEDIACION-PGE-2026-DIRECCION-REGIONAL-1.docx"><input id="btnEnviar" name="btnEnviar" type="submit" value="Formato para mediación 2026 - DIRECCIÓN REGIONAL 1" /> </a></p>
<p><a href="http://centrodemediacion.pge.gob.ec/wp-content/uploads/2026/01/FORMATO-DE-PETICION-DE-MEDIACION-PGE-2026-NIVEL-NACIONAL-EXCEPCION-DE-LA-DR1.docx"><input id="btnEnviar" name="btnEnviar" type="submit" value="Formato para mediación 2026 - NIVEL NACIONAL (Excepción de la DR1)" /></a></td>
</tr>
<tr>
<td style="text-align: justify;"></td>
</tr>
<tr>
<td style="text-align: justify;"><span style="font-family: helvetica; font-size: 12pt; color: #000000;">La petición puede estar firmada por una o ambas partes y debe tener adjunto:</span></p>
<p><span style="color: #000000;">1.-   Copias de la cédula y certificado de votación del o los peticionarios.</span></p>
<p><span style="color: #000000;">2.-   Nombramiento de Gerente General o Procuración Judicial de ser el caso.</span></p>
<p><span style="color: #000000;">3.-   Documentos que sustenten la petición como: contratos, informes, escrituras, convenios, actas, planos, etc.</span></p>
<p><span style="color: #000000;">4.- Recibo de pago de la tarifa por gastos administrativos del Centro, US$ 100,oo (ORIGINAL Y COPIA A COLOR) los cuales se depositarán en la cuenta corriente del Banco del Pacifico de la Procuraduría General del Estado No. 0346662-0.</span></p>
<p><span style="color: #000000;">5.-   Datos para emitir la factura: Razón Social / Nombres y Apellidos, cédula o RUC, dirección, teléfono y correo electrónico a donde se deberá enviar la factura electrónica.</span></p>
<p><span style="color: #000000;">6.-   De suscribirse un acta de acuerdo total o parcial de mediación se deberá cancelar la tarifa fijada según la cuantía del acuerdo.</span></p>
<p><span style="color: #000000;">Art.. 47.- Exoneraciones de costos administrativos iniciales y/o finales por servicios de mediación en razón de las personas y la cuantía.</span></p>
<p style="padding-left: 40px;"><span style="color: #000000;">Se exoneran del pago de costos administrativos iniciales y/o finales en los siguientes casos:       </span></p>
<p style="padding-left: 40px;"><span style="color: #000000;">a) Se exonera del pago de costos finales, para todas las partes, en aquellos procedimientos en los que la cuantía del acuerdo no supere los USD 5.000 (Cinco mil dólares de los Estados Unidos de América): y,</span></p>
<p style="padding-left: 40px;"><span style="color: #000000;">b) Se exoneran del pago de costos administrativos iniciales y finales a solicitantes con discapacidad o enfermedades catastróficas y a personas de la tercera edad, debidamente acreditada(s) en la cédula de identidad.</span></p>
<p style="padding-left: 40px;"><span style="color: #000000;">Se podrá exonerar parcialmente al pago de costos administrativos iniciales y/o finales, hasta por el máximo de un 50% a las personas jurídicas públicas o privadas, nacionales o internacionales, incluyendo a sus miembros o socios de ser el caso, con las cuales se ha firmado un convenio de cooperación interinstitucional en materia de mediación. Dicha exoneración deberá estar siempre autorizada por el Procurador General del Estado.</span></p>
<p><span style="color: #000000;">8.-   Si no se logra ningún acuerdo, no existe ningún pago por costos finales por servicios de mediación.</span></p>
<p><span style="color: #000000;">9.-   Si el acuerdo que alcanzaron las partes tiene cuantía indeterminada se debe cancelar USD 50 dólares por hora de trabajo.</span></p>
<p><span style="color: #000000;">Otra forma de iniciar el proceso de mediación es por derivación de los jueces o fiscales competentes que conocen de un determinado caso y de oficio o a petición de las partes, consideran que la controversia se puede someter al procedimiento de mediación.</span></p>
<p><span style="color: #000000;">Los procesos de mediaciones que provengan de derivaciones judiciales estarán exentos de </span><span style="color: #000000;">pago de la tarifa inicial, sin perjuicio de los costos finales que se generen.</span></td>
</tr>
<tr>
<td style="text-align: justify;"><span style="font-family: helvetica; font-size: 12pt; color: #000000;"> </span></td>
</tr>
</tbody>
</table>
</td>
</tr>
</tbody>
</table>
</div>
<p>[/et_pb_text][/et_pb_column_inner][/et_pb_row_inner][/et_pb_column][et_pb_column type=»1_4&#8243; _builder_version=»4.16&#8243; custom_padding=»|||» global_colors_info=»{}» custom_padding__hover=»|||»][et_pb_text admin_label=»Text» _builder_version=»4.19.0&#8243; background_size=»initial» background_position=»top_left» background_repeat=»repeat» global_colors_info=»{}»]</p>
<p>[cmwizard menu=17/]</p>
<p>[/et_pb_text][/et_pb_column][/et_pb_section]</p>

<p>Requisitos para Mediación ¿Cómo iniciar un procedimiento de mediación? Para iniciar un procedimiento de mediación, el solicitante debe presentar en alguna de nuestras oficinas a nivel nacional una solicitud dirigida a la Ab. Pamela Reinoso, Directora Nacional del Centro de Mediación de la Procuraduría General del Estado, de acuerdo al siguiente formato: La petición puede [&hellip;]</p>
