{"id":225,"date":"2014-09-30T22:41:13","date_gmt":"2014-09-30T22:41:13","guid":{"rendered":"http:\/\/centrodemediacion.pge.gob.ec\/?page_id=225"},"modified":"2025-10-08T14:00:52","modified_gmt":"2025-10-08T14:00:52","slug":"antecedentes-historicos","status":"publish","type":"page","link":"https:\/\/centrodemediacion.pge.gob.ec\/?page_id=225","title":{"rendered":"Centro de Mediaci\u00f3n"},"content":{"rendered":"<p>[et_pb_section fb_built=\u00bb1&#8243; specialty=\u00bbon\u00bb _builder_version=\u00bb4.16&#8243; background_color=\u00bb#ffffff\u00bb transparent_background=\u00bboff\u00bb global_colors_info=\u00bb{}\u00bb][et_pb_column type=\u00bb3_4&#8243; specialty_columns=\u00bb3&#8243; _builder_version=\u00bb4.16&#8243; custom_padding=\u00bb|||\u00bb global_colors_info=\u00bb{}\u00bb custom_padding__hover=\u00bb|||\u00bb][et_pb_row_inner _builder_version=\u00bb4.16&#8243; global_colors_info=\u00bb{}\u00bb][et_pb_column_inner _builder_version=\u00bb4.16&#8243; custom_padding=\u00bb|||\u00bb global_colors_info=\u00bb{}\u00bb custom_padding__hover=\u00bb|||\u00bb][et_pb_text admin_label=\u00bbText\u00bb _builder_version=\u00bb4.19.0&#8243; background_size=\u00bbinitial\u00bb background_position=\u00bbtop_left\u00bb background_repeat=\u00bbrepeat\u00bb global_colors_info=\u00bb{}\u00bb]<\/p>\n<div style=\"text-align: center; margin: 0 auto;\">\n<table style=\"width: 532px; margin: 0px auto; height: 214px;\">\n<tbody>\n<tr>\n<td><a href=\"http:\/\/centrodemediacion.pge.gob.ec\/wp-content\/uploads\/2021\/01\/mediacion_btn_2020_02.png\"><img decoding=\"async\" loading=\"lazy\" class=\"aligncenter wp-image-2340\" src=\"http:\/\/centrodemediacion.pge.gob.ec\/wp-content\/uploads\/2021\/01\/mediacion_btn_2020_02.png\" alt=\"\" width=\"215\" height=\"215\" \/><\/a><\/td>\n<td><span id=\"titulodir\" style=\"font-family: helvetica; font-size: 36pt; color: #000000;\">MEDIACI\u00d3N<\/span><\/td>\n<\/tr>\n<tr>\n<td style=\"color: #000000; padding: 20px; background-color: #cfd8dc; text-align: justify;\" colspan=\"2\"><strong><span style=\"font-family: helvetica; font-size: 12pt;\">Promover la cultura de paz y la soluci\u00f3n de controversias, optimizando los recursos p\u00fablicos mediante la difusi\u00f3n y la conducci\u00f3n t\u00e9cnica de los procedimientos de mediaci\u00f3n entre instituciones o empresas del Sector P\u00fablico y\/o personas naturales.<\/span><\/strong><\/td>\n<\/tr>\n<\/tbody>\n<\/table>\n<\/div>\n<p>[\/et_pb_text][et_pb_text admin_label=\u00bbText\u00bb _builder_version=\u00bb4.19.0&#8243; background_size=\u00bbinitial\u00bb background_position=\u00bbtop_left\u00bb background_repeat=\u00bbrepeat\u00bb hover_enabled=\u00bb0&#8243; global_colors_info=\u00bb{}\u00bb sticky_enabled=\u00bb0&#8243;]<\/p>\n<div class=\"custom\">\n<table style=\"width: 70%; margin-left: auto; margin-right: auto;\" border=\"0\">\n<tbody>\n<tr>\n<td>\n<div style=\"text-align: center;\"><strong><span style=\"font-family: helvetica; font-size: 18pt; color: #47707c;\">Centro de Mediaci\u00f3n<\/span><\/strong><\/div>\n<div>\u00a0<\/div>\n<div style=\"text-align: justify;\">\n<p><span style=\"font-family: helvetica; font-size: 12pt; color: #000000;\">El 27 de julio de 1999 el Centro de Mediaci\u00f3n de la Procuradur\u00eda General del Estado obtuvo su primer registro en el Consejo Nacional de la Judicatura.\u00a0 Su misi\u00f3n es promover la cultura de paz y la soluci\u00f3n de controversias, optimizando los recursos p\u00fablicos mediante la difusi\u00f3n y la conducci\u00f3n t\u00e9cnica de los procedimientos de mediaci\u00f3n entre instituciones o empresas del Sector P\u00fablico y personas naturales o jur\u00eddicas del Sector Privado.<\/span><\/p>\n<p><span style=\"color: #000000; font-family: helvetica; font-size: 12pt;\">Desde su creaci\u00f3n, el Centro de Mediaci\u00f3n busca brindar, a nivel nacional, un servicio que garantice a la comunidad la legalidad de los acuerdos arribados, mediante procedimientos flexibles, \u00e1giles y oportunos, en un ambiente de di\u00e1logo.<\/span><\/p>\n<\/div>\n<div>\u00a0<\/div>\n<div style=\"text-align: justify;\"><span style=\"font-family: helvetica; font-size: 12pt; color: #000000;\">Gracias a su experiencia en la resoluci\u00f3n de conflictos, el centro ha sido reconocido a nivel nacional y, 20 a\u00f1os despu\u00e9s de su primer registro, cuenta con 5 oficinas a nivel nacional y 20 mediadores registrados.\u00a0 Este centro da tratamiento a conflictos en materias de lo Civil, Laboral P\u00fablico, Mercantil, Societario, Tributario y Derechos Humanos, con especial \u00e9nfasis en los temas de Contrataci\u00f3n P\u00fablica y Derecho Administrativo. La soluci\u00f3n de controversias con instituciones del Estado es la principal \u00e1rea de trabajo del Centro de Mediaci\u00f3n de la Procuradur\u00eda General del Estado.<\/span><\/div>\n<p>&nbsp;<\/p>\n<\/td>\n<\/tr>\n<tr>\n<td><a href=\"http:\/\/centrodemediacion.pge.gob.ec\/wp-content\/uploads\/2025\/10\/RESOLUCION-096-Expedir-el-Reglamento-del-Centro-de-Mediacion-de-la-Procuraduria-General-del-Estado.pdf\" target=\"_blank\" rel=\"noopener\"><input id=\"btnEnviar\" name=\"btnEnviar\" type=\"submit\" value=\"Reglamento del Centro de Mediaci\u00f3n\" \/><\/a><\/td>\n<\/tr>\n<\/tbody>\n<\/table>\n<\/div>\n<p>[\/et_pb_text][et_pb_video src=\u00bbhttp:\/\/centrodemediacion.pge.gob.ec\/wp-content\/uploads\/2024\/06\/Mediacion01_low.mp4&#8243; _builder_version=\u00bb4.19.0&#8243; _module_preset=\u00bbdefault\u00bb width=\u00bb80%\u00bb max_width=\u00bb80%\u00bb module_alignment=\u00bbcenter\u00bb global_colors_info=\u00bb{}\u00bb][\/et_pb_video][\/et_pb_column_inner][\/et_pb_row_inner][\/et_pb_column][et_pb_column type=\u00bb1_4&#8243; _builder_version=\u00bb4.16&#8243; custom_padding=\u00bb|||\u00bb global_colors_info=\u00bb{}\u00bb custom_padding__hover=\u00bb|||\u00bb][et_pb_text _builder_version=\u00bb4.19.0&#8243; _module_preset=\u00bbdefault\u00bb global_colors_info=\u00bb{}\u00bb]<\/p>\n<p>[cmwizard menu=17 \/]<\/p>\n<p>[\/et_pb_text][\/et_pb_column][\/et_pb_section]<\/p>\n","protected":false},"excerpt":{"rendered":"<p>MEDIACI\u00d3N Promover la cultura de paz y la soluci\u00f3n de controversias, optimizando los recursos p\u00fablicos mediante la difusi\u00f3n y la conducci\u00f3n t\u00e9cnica de los procedimientos de mediaci\u00f3n entre instituciones o empresas del Sector P\u00fablico y\/o personas naturales. Centro de Mediaci\u00f3n \u00a0 El 27 de julio de 1999 el Centro de Mediaci\u00f3n de la Procuradur\u00eda General [&hellip;]<\/p>\n","protected":false},"author":101012,"featured_media":0,"parent":0,"menu_order":0,"comment_status":"open","ping_status":"open","template":"","meta":{"_et_pb_use_builder":"on","_et_pb_old_content":"","_et_gb_content_width":""},"_links":{"self":[{"href":"https:\/\/centrodemediacion.pge.gob.ec\/index.php?rest_route=\/wp\/v2\/pages\/225"}],"collection":[{"href":"https:\/\/centrodemediacion.pge.gob.ec\/index.php?rest_route=\/wp\/v2\/pages"}],"about":[{"href":"https:\/\/centrodemediacion.pge.gob.ec\/index.php?rest_route=\/wp\/v2\/types\/page"}],"author":[{"embeddable":true,"href":"https:\/\/centrodemediacion.pge.gob.ec\/index.php?rest_route=\/wp\/v2\/users\/101012"}],"replies":[{"embeddable":true,"href":"https:\/\/centrodemediacion.pge.gob.ec\/index.php?rest_route=%2Fwp%2Fv2%2Fcomments&post=225"}],"version-history":[{"count":66,"href":"https:\/\/centrodemediacion.pge.gob.ec\/index.php?rest_route=\/wp\/v2\/pages\/225\/revisions"}],"predecessor-version":[{"id":3252,"href":"https:\/\/centrodemediacion.pge.gob.ec\/index.php?rest_route=\/wp\/v2\/pages\/225\/revisions\/3252"}],"wp:attachment":[{"href":"https:\/\/centrodemediacion.pge.gob.ec\/index.php?rest_route=%2Fwp%2Fv2%2Fmedia&parent=225"}],"curies":[{"name":"wp","href":"https:\/\/api.w.org\/{rel}","templated":true}]}}